{"id":4641,"date":"2026-03-17T19:35:42","date_gmt":"2026-03-17T18:35:42","guid":{"rendered":"https:\/\/gamapartsmx.com\/?page_id=4641"},"modified":"2026-03-17T19:38:11","modified_gmt":"2026-03-17T18:38:11","slug":"filtro-de-combustible-tipo-cartucho-cnh-para-case-770ex-770xplus-952ex-copy","status":"publish","type":"page","link":"https:\/\/gamapartsmx.com\/?page_id=4641","title":{"rendered":"FILTRO DE COMBUSTIBLE TIPO CARTUCHO CNH PARA CASE 770EX, 770XPLUS, 952EX"},"content":{"rendered":"\t\t<div data-elementor-type=\"wp-page\" data-elementor-id=\"4641\" class=\"elementor elementor-4641\" data-elementor-post-type=\"page\">\n\t\t\t\t<div class=\"elementor-element elementor-element-3410aaee e-flex e-con-boxed e-con e-parent\" data-id=\"3410aaee\" data-element_type=\"container\">\n\t\t\t\t\t<div class=\"e-con-inner\">\n\t\t\t\t<div class=\"elementor-element elementor-element-4818065c elementor-widget elementor-widget-spacer\" data-id=\"4818065c\" data-element_type=\"widget\" data-widget_type=\"spacer.default\">\n\t\t\t\t<div class=\"elementor-widget-container\">\n\t\t\t\t\t<div class=\"elementor-spacer\">\n\t\t\t<div class=\"elementor-spacer-inner\"><\/div>\n\t\t<\/div>\n\t\t\t\t<\/div>\n\t\t\t\t<\/div>\n\t\t\t\t\t<\/div>\n\t\t\t\t<\/div>\n\t\t<div class=\"elementor-element elementor-element-65a58c32 e-flex e-con-boxed e-con e-parent\" data-id=\"65a58c32\" data-element_type=\"container\">\n\t\t\t\t\t<div class=\"e-con-inner\">\n\t\t\t\t<div class=\"elementor-element elementor-element-5a228ff8 elementor-widget elementor-widget-heading\" data-id=\"5a228ff8\" data-element_type=\"widget\" data-widget_type=\"heading.default\">\n\t\t\t\t<div class=\"elementor-widget-container\">\n\t\t\t<h2 class=\"elementor-heading-title elementor-size-default\">FILTRO DE COMBUSTIBLE TIPO CARTUCHO CNH PARA CASE 770EX, 770XPLUS, 952EX.<\/h2>\t\t<\/div>\n\t\t\t\t<\/div>\n\t\t\t\t\t<\/div>\n\t\t\t\t<\/div>\n\t\t<div class=\"elementor-element elementor-element-4e106bb e-flex e-con-boxed e-con e-parent\" data-id=\"4e106bb\" data-element_type=\"container\">\n\t\t\t\t\t<div class=\"e-con-inner\">\n\t\t<div class=\"elementor-element elementor-element-b572d0b e-con-full e-flex e-con e-child\" data-id=\"b572d0b\" data-element_type=\"container\">\n\t\t<div class=\"elementor-element elementor-element-2a77221 e-grid e-con-full e-con e-child\" data-id=\"2a77221\" data-element_type=\"container\">\n\t\t\t\t<div class=\"elementor-element elementor-element-376baa5 elementor-widget elementor-widget-image\" data-id=\"376baa5\" data-element_type=\"widget\" data-widget_type=\"image.default\">\n\t\t\t\t<div class=\"elementor-widget-container\">\n\t\t\t\t\t\t\t\t\t\t\t\t\t<img fetchpriority=\"high\" decoding=\"async\" width=\"2048\" height=\"2048\" src=\"https:\/\/gamapartsmx.com\/wp-content\/uploads\/2026\/03\/FILTRO-DE-COMBUSTIBLE-PEQUENO-PARA-CASE-770EX.jpeg\" class=\"attachment-full size-full wp-image-4483\" alt=\"\" srcset=\"https:\/\/gamapartsmx.com\/wp-content\/uploads\/2026\/03\/FILTRO-DE-COMBUSTIBLE-PEQUENO-PARA-CASE-770EX.jpeg 2048w, https:\/\/gamapartsmx.com\/wp-content\/uploads\/2026\/03\/FILTRO-DE-COMBUSTIBLE-PEQUENO-PARA-CASE-770EX-300x300.jpeg 300w, https:\/\/gamapartsmx.com\/wp-content\/uploads\/2026\/03\/FILTRO-DE-COMBUSTIBLE-PEQUENO-PARA-CASE-770EX-1024x1024.jpeg 1024w, https:\/\/gamapartsmx.com\/wp-content\/uploads\/2026\/03\/FILTRO-DE-COMBUSTIBLE-PEQUENO-PARA-CASE-770EX-150x150.jpeg 150w, https:\/\/gamapartsmx.com\/wp-content\/uploads\/2026\/03\/FILTRO-DE-COMBUSTIBLE-PEQUENO-PARA-CASE-770EX-768x768.jpeg 768w, https:\/\/gamapartsmx.com\/wp-content\/uploads\/2026\/03\/FILTRO-DE-COMBUSTIBLE-PEQUENO-PARA-CASE-770EX-1536x1536.jpeg 1536w, https:\/\/gamapartsmx.com\/wp-content\/uploads\/2026\/03\/FILTRO-DE-COMBUSTIBLE-PEQUENO-PARA-CASE-770EX-1320x1320.jpeg 1320w, https:\/\/gamapartsmx.com\/wp-content\/uploads\/2026\/03\/FILTRO-DE-COMBUSTIBLE-PEQUENO-PARA-CASE-770EX-600x600.jpeg 600w, https:\/\/gamapartsmx.com\/wp-content\/uploads\/2026\/03\/FILTRO-DE-COMBUSTIBLE-PEQUENO-PARA-CASE-770EX-100x100.jpeg 100w\" sizes=\"(max-width: 2048px) 100vw, 2048px\" \/>\t\t\t\t\t\t\t\t\t\t\t\t\t<\/div>\n\t\t\t\t<\/div>\n\t\t\t\t<div class=\"elementor-element elementor-element-3509106 elementor-widget elementor-widget-text-editor\" data-id=\"3509106\" data-element_type=\"widget\" data-widget_type=\"text-editor.default\">\n\t\t\t\t<div class=\"elementor-widget-container\">\n\t\t\t\t\t\t\t<p data-start=\"177\" data-end=\"427\">El <strong data-start=\"180\" data-end=\"237\">filtro de combustible tipo cartucho <\/strong>est\u00e1 dise\u00f1ado para proporcionar una filtraci\u00f3n eficiente del di\u00e9sel, eliminando part\u00edculas, sedimentos y contaminantes que pueden afectar el rendimiento del motor y el sistema de inyecci\u00f3n.<\/p><p data-start=\"429\" data-end=\"639\">Este filtro es <strong data-start=\"444\" data-end=\"502\">compatible con maquinaria CASE 770EX, 770XPLUS y 952EX<\/strong>, equipos que requieren un suministro de combustible limpio y constante para operar de manera \u00f3ptima en condiciones de trabajo exigentes.<\/p><p data-start=\"641\" data-end=\"980\">Su dise\u00f1o tipo <strong data-start=\"656\" data-end=\"668\">cartucho<\/strong> permite una sustituci\u00f3n directa del elemento filtrante, facilitando el mantenimiento y reduciendo tiempos de servicio. Gracias a su medio filtrante de alta eficiencia, ayuda a proteger componentes clave como inyectores y bomba de combustible, asegurando una combusti\u00f3n m\u00e1s limpia y un mejor desempe\u00f1o del motor.<\/p><p data-start=\"982\" data-end=\"1227\">Fabricado con est\u00e1ndares de calidad reconocidos como Fleetguard, este filtro ofrece <strong data-start=\"1066\" data-end=\"1167\">alta capacidad de retenci\u00f3n de contaminantes, flujo estable y confiabilidad en operaci\u00f3n continua<\/strong>, siendo una excelente opci\u00f3n para mantenimiento preventivo.<\/p><p data-start=\"1229\" data-end=\"1262\"><strong data-start=\"1229\" data-end=\"1262\">Especificaciones del producto<\/strong><\/p><ul data-start=\"1264\" data-end=\"1421\"><li data-section-id=\"1d8tkvc\" data-start=\"1322\" data-end=\"1357\"><p data-start=\"1324\" data-end=\"1357\"><strong data-start=\"1324\" data-end=\"1333\">Tipo:<\/strong> Filtro de combustible<\/p><\/li><li data-section-id=\"16w8oki\" data-start=\"1358\" data-end=\"1382\"><p data-start=\"1360\" data-end=\"1382\"><strong data-start=\"1360\" data-end=\"1371\">Dise\u00f1o:<\/strong> Cartucho<\/p><\/li><li data-section-id=\"kdgd8s\" data-start=\"1383\" data-end=\"1421\"><p data-start=\"1385\" data-end=\"1421\"><strong data-start=\"1385\" data-end=\"1410\">Cantidad por paquete:<\/strong> 1 unidad<\/p><\/li><\/ul><p data-start=\"1423\" data-end=\"1447\"><strong data-start=\"1423\" data-end=\"1447\">Aplicaciones comunes<\/strong><\/p><ul data-start=\"1449\" data-end=\"1584\"><li data-section-id=\"6o9t9t\" data-start=\"1449\" data-end=\"1467\"><p data-start=\"1451\" data-end=\"1467\">CASE <strong data-start=\"1456\" data-end=\"1465\">770EX<\/strong><\/p><\/li><li data-section-id=\"1lvkvce\" data-start=\"1468\" data-end=\"1489\"><p data-start=\"1470\" data-end=\"1489\">CASE <strong data-start=\"1475\" data-end=\"1487\">770XPLUS<\/strong><\/p><\/li><li data-section-id=\"12dx8e7\" data-start=\"1490\" data-end=\"1508\"><p data-start=\"1492\" data-end=\"1508\">CASE <strong data-start=\"1497\" data-end=\"1506\">952EX<\/strong><\/p><\/li><li data-section-id=\"kqbljg\" data-start=\"1509\" data-end=\"1584\"><p data-start=\"1511\" data-end=\"1584\">Otras aplicaciones en maquinaria compatible seg\u00fan sistema de combustible.<\/p><\/li><\/ul><p data-start=\"1586\" data-end=\"1783\">El reemplazo peri\u00f3dico del filtro de combustible es fundamental para mantener la eficiencia del motor, evitar obstrucciones en el sistema y prevenir fallas costosas en maquinaria de trabajo pesado.<\/p>\t\t\t\t\t\t<\/div>\n\t\t\t\t<\/div>\n\t\t\t\t<\/div>\n\t\t\t\t<\/div>\n\t\t\t\t\t<\/div>\n\t\t\t\t<\/div>\n\t\t<div class=\"elementor-element elementor-element-65fe224 e-con-full e-flex e-con e-parent\" data-id=\"65fe224\" data-element_type=\"container\">\n\t\t\t\t<div class=\"elementor-element elementor-element-a01b2e0 elementor-cta--skin-cover elementor-animated-content elementor-bg-transform elementor-bg-transform-zoom-in elementor-widget elementor-widget-call-to-action\" data-id=\"a01b2e0\" data-element_type=\"widget\" data-widget_type=\"call-to-action.default\">\n\t\t\t\t<div class=\"elementor-widget-container\">\n\t\t\t\t\t<div class=\"elementor-cta\">\n\t\t\t\t\t<div class=\"elementor-cta__bg-wrapper\">\n\t\t\t\t<div class=\"elementor-cta__bg elementor-bg\" style=\"background-image: url(https:\/\/gamapartsmx.com\/wp-content\/uploads\/2026\/03\/banner-call-center-1.png);\" role=\"img\" aria-label=\"\"><\/div>\n\t\t\t\t<div class=\"elementor-cta__bg-overlay\"><\/div>\n\t\t\t<\/div>\n\t\t\t\t\t\t\t<div class=\"elementor-cta__content\">\n\t\t\t\t\n\t\t\t\t\t\t\t\t\t<h2 class=\"elementor-cta__title elementor-cta__content-item elementor-content-item elementor-animated-item--grow\">\n\t\t\t\t\t\t\u00bfREQUIERES UNA COTIZACION?\t\t\t\t\t<\/h2>\n\t\t\t\t\n\t\t\t\t\t\t\t\t\t<div class=\"elementor-cta__description elementor-cta__content-item elementor-content-item elementor-animated-item--grow\">\n\t\t\t\t\t\tPREGUNTA POR EXISTENCIAS, PRECIO Y DISPONIBILIDAD A TRAVES DE NUESTRA LINEA EN WHATSAPP\t\t\t\t\t<\/div>\n\t\t\t\t\n\t\t\t\t\t\t\t\t\t<div class=\"elementor-cta__button-wrapper elementor-cta__content-item elementor-content-item elementor-animated-item--grow\">\n\t\t\t\t\t<a class=\"elementor-cta__button elementor-button elementor-size-\" href=\"https:\/\/wa.me\/5219936704197\">\n\t\t\t\t\t\tCOTIZA AHORA\t\t\t\t\t<\/a>\n\t\t\t\t\t<\/div>\n\t\t\t\t\t\t\t<\/div>\n\t\t\t\t\t\t<\/div>\n\t\t\t\t<\/div>\n\t\t\t\t<\/div>\n\t\t\t\t<\/div>\n\t\t<div class=\"elementor-element elementor-element-0a016b8 e-flex e-con-boxed e-con e-parent\" data-id=\"0a016b8\" data-element_type=\"container\">\n\t\t\t\t\t<div class=\"e-con-inner\">\n\t\t\t\t<div class=\"elementor-element elementor-element-6afa423 elementor-widget elementor-widget-spacer\" data-id=\"6afa423\" data-element_type=\"widget\" data-widget_type=\"spacer.default\">\n\t\t\t\t<div class=\"elementor-widget-container\">\n\t\t\t\t\t<div class=\"elementor-spacer\">\n\t\t\t<div class=\"elementor-spacer-inner\"><\/div>\n\t\t<\/div>\n\t\t\t\t<\/div>\n\t\t\t\t<\/div>\n\t\t\t\t\t<\/div>\n\t\t\t\t<\/div>\n\t\t\t\t<\/div>\n\t\t","protected":false},"excerpt":{"rendered":"<p>FILTRO DE COMBUSTIBLE TIPO CARTUCHO CNH PARA CASE 770EX, 770XPLUS, 952EX. El filtro de combustible tipo cartucho est\u00e1 dise\u00f1ado para proporcionar una filtraci\u00f3n eficiente del di\u00e9sel, eliminando part\u00edculas, sedimentos y contaminantes que pueden afectar el rendimiento del motor y el sistema de inyecci\u00f3n. Este filtro es compatible con maquinaria CASE 770EX, 770XPLUS y 952EX, equipos [&hellip;]<\/p>\n","protected":false},"author":1,"featured_media":0,"parent":0,"menu_order":0,"comment_status":"closed","ping_status":"closed","template":"","meta":{"_monsterinsights_skip_tracking":false,"_monsterinsights_sitenote_active":false,"_monsterinsights_sitenote_note":"","_monsterinsights_sitenote_category":0,"_joinchat":[],"footnotes":""},"class_list":["post-4641","page","type-page","status-publish","hentry"],"yoast_head":"<!-- This site is optimized with the Yoast SEO plugin v21.2 - https:\/\/yoast.com\/wordpress\/plugins\/seo\/ -->\n<title>FILTRO DE COMBUSTIBLE TIPO CARTUCHO CNH PARA CASE 770EX, 770XPLUS, 952EX - Gama Parts Mx<\/title>\n<meta name=\"robots\" content=\"index, follow, max-snippet:-1, max-image-preview:large, max-video-preview:-1\" \/>\n<link rel=\"canonical\" href=\"https:\/\/gamapartsmx.com\/?page_id=4641\" \/>\n<meta property=\"og:locale\" content=\"es_ES\" \/>\n<meta property=\"og:type\" content=\"article\" \/>\n<meta property=\"og:title\" content=\"FILTRO DE COMBUSTIBLE TIPO CARTUCHO CNH PARA CASE 770EX, 770XPLUS, 952EX - Gama Parts Mx\" \/>\n<meta property=\"og:description\" content=\"FILTRO DE COMBUSTIBLE TIPO CARTUCHO CNH PARA CASE 770EX, 770XPLUS, 952EX. El filtro de combustible tipo cartucho est\u00e1 dise\u00f1ado para proporcionar una filtraci\u00f3n eficiente del di\u00e9sel, eliminando part\u00edculas, sedimentos y contaminantes que pueden afectar el rendimiento del motor y el sistema de inyecci\u00f3n. Este filtro es compatible con maquinaria CASE 770EX, 770XPLUS y 952EX, equipos [&hellip;]\" \/>\n<meta property=\"og:url\" content=\"https:\/\/gamapartsmx.com\/?page_id=4641\" \/>\n<meta property=\"og:site_name\" content=\"Gama Parts Mx\" \/>\n<meta property=\"article:modified_time\" content=\"2026-03-17T18:38:11+00:00\" \/>\n<meta property=\"og:image\" content=\"http:\/\/gamapartsmx.com\/wp-content\/uploads\/2026\/03\/FILTRO-DE-COMBUSTIBLE-PEQUENO-PARA-CASE-770EX.jpeg\" \/>\n<meta name=\"twitter:card\" content=\"summary_large_image\" \/>\n<meta name=\"twitter:label1\" content=\"Tiempo de lectura\" \/>\n\t<meta name=\"twitter:data1\" content=\"2 minutos\" \/>\n<script type=\"application\/ld+json\" class=\"yoast-schema-graph\">{\"@context\":\"https:\/\/schema.org\",\"@graph\":[{\"@type\":\"WebPage\",\"@id\":\"https:\/\/gamapartsmx.com\/?page_id=4641\",\"url\":\"https:\/\/gamapartsmx.com\/?page_id=4641\",\"name\":\"FILTRO DE COMBUSTIBLE TIPO CARTUCHO CNH PARA CASE 770EX, 770XPLUS, 952EX - Gama Parts Mx\",\"isPartOf\":{\"@id\":\"https:\/\/gamapartsmx.com\/#website\"},\"datePublished\":\"2026-03-17T18:35:42+00:00\",\"dateModified\":\"2026-03-17T18:38:11+00:00\",\"breadcrumb\":{\"@id\":\"https:\/\/gamapartsmx.com\/?page_id=4641#breadcrumb\"},\"inLanguage\":\"es\",\"potentialAction\":[{\"@type\":\"ReadAction\",\"target\":[\"https:\/\/gamapartsmx.com\/?page_id=4641\"]}]},{\"@type\":\"BreadcrumbList\",\"@id\":\"https:\/\/gamapartsmx.com\/?page_id=4641#breadcrumb\",\"itemListElement\":[{\"@type\":\"ListItem\",\"position\":1,\"name\":\"Portada\",\"item\":\"https:\/\/gamapartsmx.com\/\"},{\"@type\":\"ListItem\",\"position\":2,\"name\":\"FILTRO DE COMBUSTIBLE TIPO CARTUCHO CNH PARA CASE 770EX, 770XPLUS, 952EX\"}]},{\"@type\":\"WebSite\",\"@id\":\"https:\/\/gamapartsmx.com\/#website\",\"url\":\"https:\/\/gamapartsmx.com\/\",\"name\":\"Gama Parts\",\"description\":\"Venta de Refacciones para Maquinaria Pesada dirigida al Sector Industrial y de construcci\u00f3n en Villahermosa, Tabasco.\",\"publisher\":{\"@id\":\"https:\/\/gamapartsmx.com\/#organization\"},\"potentialAction\":[{\"@type\":\"SearchAction\",\"target\":{\"@type\":\"EntryPoint\",\"urlTemplate\":\"https:\/\/gamapartsmx.com\/?s={search_term_string}\"},\"query-input\":\"required name=search_term_string\"}],\"inLanguage\":\"es\"},{\"@type\":\"Organization\",\"@id\":\"https:\/\/gamapartsmx.com\/#organization\",\"name\":\"Gama Parts\",\"url\":\"https:\/\/gamapartsmx.com\/\",\"logo\":{\"@type\":\"ImageObject\",\"inLanguage\":\"es\",\"@id\":\"https:\/\/gamapartsmx.com\/#\/schema\/logo\/image\/\",\"url\":\"https:\/\/gamapartsmx.com\/wp-content\/uploads\/2023\/09\/GAMA-PARTS-LOGO.png\",\"contentUrl\":\"https:\/\/gamapartsmx.com\/wp-content\/uploads\/2023\/09\/GAMA-PARTS-LOGO.png\",\"width\":350,\"height\":100,\"caption\":\"Gama Parts\"},\"image\":{\"@id\":\"https:\/\/gamapartsmx.com\/#\/schema\/logo\/image\/\"}}]}<\/script>\n<!-- \/ Yoast SEO plugin. -->","yoast_head_json":{"title":"FILTRO DE COMBUSTIBLE TIPO CARTUCHO CNH PARA CASE 770EX, 770XPLUS, 952EX - Gama Parts Mx","robots":{"index":"index","follow":"follow","max-snippet":"max-snippet:-1","max-image-preview":"max-image-preview:large","max-video-preview":"max-video-preview:-1"},"canonical":"https:\/\/gamapartsmx.com\/?page_id=4641","og_locale":"es_ES","og_type":"article","og_title":"FILTRO DE COMBUSTIBLE TIPO CARTUCHO CNH PARA CASE 770EX, 770XPLUS, 952EX - Gama Parts Mx","og_description":"FILTRO DE COMBUSTIBLE TIPO CARTUCHO CNH PARA CASE 770EX, 770XPLUS, 952EX. El filtro de combustible tipo cartucho est\u00e1 dise\u00f1ado para proporcionar una filtraci\u00f3n eficiente del di\u00e9sel, eliminando part\u00edculas, sedimentos y contaminantes que pueden afectar el rendimiento del motor y el sistema de inyecci\u00f3n. Este filtro es compatible con maquinaria CASE 770EX, 770XPLUS y 952EX, equipos [&hellip;]","og_url":"https:\/\/gamapartsmx.com\/?page_id=4641","og_site_name":"Gama Parts Mx","article_modified_time":"2026-03-17T18:38:11+00:00","og_image":[{"url":"http:\/\/gamapartsmx.com\/wp-content\/uploads\/2026\/03\/FILTRO-DE-COMBUSTIBLE-PEQUENO-PARA-CASE-770EX.jpeg"}],"twitter_card":"summary_large_image","twitter_misc":{"Tiempo de lectura":"2 minutos"},"schema":{"@context":"https:\/\/schema.org","@graph":[{"@type":"WebPage","@id":"https:\/\/gamapartsmx.com\/?page_id=4641","url":"https:\/\/gamapartsmx.com\/?page_id=4641","name":"FILTRO DE COMBUSTIBLE TIPO CARTUCHO CNH PARA CASE 770EX, 770XPLUS, 952EX - Gama Parts Mx","isPartOf":{"@id":"https:\/\/gamapartsmx.com\/#website"},"datePublished":"2026-03-17T18:35:42+00:00","dateModified":"2026-03-17T18:38:11+00:00","breadcrumb":{"@id":"https:\/\/gamapartsmx.com\/?page_id=4641#breadcrumb"},"inLanguage":"es","potentialAction":[{"@type":"ReadAction","target":["https:\/\/gamapartsmx.com\/?page_id=4641"]}]},{"@type":"BreadcrumbList","@id":"https:\/\/gamapartsmx.com\/?page_id=4641#breadcrumb","itemListElement":[{"@type":"ListItem","position":1,"name":"Portada","item":"https:\/\/gamapartsmx.com\/"},{"@type":"ListItem","position":2,"name":"FILTRO DE COMBUSTIBLE TIPO CARTUCHO CNH PARA CASE 770EX, 770XPLUS, 952EX"}]},{"@type":"WebSite","@id":"https:\/\/gamapartsmx.com\/#website","url":"https:\/\/gamapartsmx.com\/","name":"Gama Parts","description":"Venta de Refacciones para Maquinaria Pesada dirigida al Sector Industrial y de construcci\u00f3n en Villahermosa, Tabasco.","publisher":{"@id":"https:\/\/gamapartsmx.com\/#organization"},"potentialAction":[{"@type":"SearchAction","target":{"@type":"EntryPoint","urlTemplate":"https:\/\/gamapartsmx.com\/?s={search_term_string}"},"query-input":"required name=search_term_string"}],"inLanguage":"es"},{"@type":"Organization","@id":"https:\/\/gamapartsmx.com\/#organization","name":"Gama Parts","url":"https:\/\/gamapartsmx.com\/","logo":{"@type":"ImageObject","inLanguage":"es","@id":"https:\/\/gamapartsmx.com\/#\/schema\/logo\/image\/","url":"https:\/\/gamapartsmx.com\/wp-content\/uploads\/2023\/09\/GAMA-PARTS-LOGO.png","contentUrl":"https:\/\/gamapartsmx.com\/wp-content\/uploads\/2023\/09\/GAMA-PARTS-LOGO.png","width":350,"height":100,"caption":"Gama Parts"},"image":{"@id":"https:\/\/gamapartsmx.com\/#\/schema\/logo\/image\/"}}]}},"_links":{"self":[{"href":"https:\/\/gamapartsmx.com\/index.php?rest_route=\/wp\/v2\/pages\/4641"}],"collection":[{"href":"https:\/\/gamapartsmx.com\/index.php?rest_route=\/wp\/v2\/pages"}],"about":[{"href":"https:\/\/gamapartsmx.com\/index.php?rest_route=\/wp\/v2\/types\/page"}],"author":[{"embeddable":true,"href":"https:\/\/gamapartsmx.com\/index.php?rest_route=\/wp\/v2\/users\/1"}],"replies":[{"embeddable":true,"href":"https:\/\/gamapartsmx.com\/index.php?rest_route=%2Fwp%2Fv2%2Fcomments&post=4641"}],"version-history":[{"count":8,"href":"https:\/\/gamapartsmx.com\/index.php?rest_route=\/wp\/v2\/pages\/4641\/revisions"}],"predecessor-version":[{"id":4649,"href":"https:\/\/gamapartsmx.com\/index.php?rest_route=\/wp\/v2\/pages\/4641\/revisions\/4649"}],"wp:attachment":[{"href":"https:\/\/gamapartsmx.com\/index.php?rest_route=%2Fwp%2Fv2%2Fmedia&parent=4641"}],"curies":[{"name":"wp","href":"https:\/\/api.w.org\/{rel}","templated":true}]}}