{"id":4133,"date":"2025-12-16T18:54:01","date_gmt":"2025-12-16T17:54:01","guid":{"rendered":"https:\/\/gamapartsmx.com\/?post_type=product&#038;p=4133"},"modified":"2025-12-16T19:09:15","modified_gmt":"2025-12-16T18:09:15","slug":"birlo-5801475385-maquinaria-pesada","status":"publish","type":"product","link":"https:\/\/gamapartsmx.com\/?product=birlo-5801475385-maquinaria-pesada","title":{"rendered":"Birlo 5801475385 para Maquinaria Pesada"},"content":{"rendered":"<p data-start=\"156\" data-end=\"199\"><strong data-start=\"156\" data-end=\"199\">Birlo 5801475385 para Maquinaria Pesada<\/strong><\/p>\n<p data-start=\"201\" data-end=\"821\">El <strong data-start=\"204\" data-end=\"224\">Birlo 5801475385<\/strong> es una refacci\u00f3n esencial para maquinaria pesada, dise\u00f1ado para asegurar una sujeci\u00f3n firme y confiable en ensamblajes cr\u00edticos del equipo, como ruedas, ejes, componentes estructurales o sistemas mec\u00e1nicos de alta carga. Fabricado con materiales de alto desempe\u00f1o, este birlo soporta esfuerzos intensos, vibraciones constantes y condiciones severas de trabajo, garantizando la estabilidad y seguridad del conjunto durante la operaci\u00f3n. Gracias a su durabilidad y precisi\u00f3n dimensional, el Birlo 5801475385 se convierte en una pieza clave para mantener la maquinaria trabajando sin interrupciones.<\/p>\n<p data-start=\"823\" data-end=\"1320\">En operaciones diarias de construcci\u00f3n, movimiento de tierra, industria o agricultura, un birlo desgastado o da\u00f1ado puede provocar aflojamientos, desalineaciones y riesgos operativos que afectan directamente la productividad y la seguridad. Reemplazar componentes deteriorados con refacciones originales o equivalentes como el <strong data-start=\"1150\" data-end=\"1170\">Birlo 5801475385<\/strong> es una medida preventiva que reduce costos de mantenimiento, evita paros inesperados y prolonga la vida \u00fatil de los ensamblajes mec\u00e1nicos del equipo.<\/p>\n<p data-start=\"1322\" data-end=\"1724\">Este repuesto est\u00e1 dise\u00f1ado con especificaciones exactas que garantizan compatibilidad con diversos modelos de maquinaria pesada, permitiendo una instalaci\u00f3n sencilla y un ajuste preciso. Su resistencia al desgaste, a la fricci\u00f3n constante y a variaciones de temperatura lo convierten en una opci\u00f3n confiable para empresas que buscan optimizar el rendimiento, la seguridad y la durabilidad de su flota.<\/p>\n<p data-start=\"1726\" data-end=\"2105\">En <strong data-start=\"1729\" data-end=\"1743\">Gama Parts<\/strong> sabemos lo importante que es contar con refacciones disponibles cuando m\u00e1s las necesitas. Por eso ponemos a tu disposici\u00f3n el <strong data-start=\"1870\" data-end=\"1890\">Birlo 5801475385<\/strong>, con disponibilidad inmediata o bajo pedido, adem\u00e1s de env\u00edos seguros y r\u00e1pidos a cualquier parte de M\u00e9xico. Nuestro equipo tambi\u00e9n puede asesorarte para confirmar la compatibilidad del repuesto antes de tu compra.<\/p>\n<hr data-start=\"2107\" data-end=\"2110\" \/>\n<h3 data-start=\"2112\" data-end=\"2178\"><strong data-start=\"2116\" data-end=\"2178\">Beneficios de adquirir tu Birlo 5801475385 con Gama Parts:<\/strong><\/h3>\n<ul data-start=\"2180\" data-end=\"2375\">\n<li data-start=\"2180\" data-end=\"2231\">\n<p data-start=\"2182\" data-end=\"2231\">Alta resistencia a carga, vibraci\u00f3n y desgaste.<\/p>\n<\/li>\n<li data-start=\"2232\" data-end=\"2285\">\n<p data-start=\"2234\" data-end=\"2285\">Compatibilidad garantizada con maquinaria pesada.<\/p>\n<\/li>\n<li data-start=\"2286\" data-end=\"2332\">\n<p data-start=\"2288\" data-end=\"2332\">Instalaci\u00f3n sencilla y sujeci\u00f3n confiable.<\/p>\n<\/li>\n<li data-start=\"2333\" data-end=\"2375\">\n<p data-start=\"2335\" data-end=\"2375\">Env\u00edos r\u00e1pidos y seguros en todo M\u00e9xico.<\/p>\n<\/li>\n<\/ul>\n<hr data-start=\"2377\" data-end=\"2380\" \/>\n<p data-start=\"2382\" data-end=\"2583\">Cotiza ahora tu <strong data-start=\"2398\" data-end=\"2418\">Birlo 5801475385<\/strong> con Gama Parts y recibe atenci\u00f3n inmediata por WhatsApp. Nuestro compromiso es mantener tu maquinaria funcionando con refacciones confiables y listas para trabajar.<\/p>\n<p data-start=\"2585\" data-end=\"2865\">Consulta tambi\u00e9n todos nuestros productos para maquinaria pesada en el siguiente enlace:<br data-start=\"2673\" data-end=\"2676\" \/>\ud83d\udc49 <a class=\"decorated-link\" href=\"https:\/\/gamapartsmx.com\/?orderby=popularity&amp;paged=1&amp;page_id=1682&amp;product-page=1\" target=\"_new\" rel=\"noopener\" data-start=\"2679\" data-end=\"2758\">https:\/\/gamapartsmx.com\/?orderby=popularity&amp;paged=1&amp;page_id=1682&amp;product-page=1<\/a><br data-start=\"2758\" data-end=\"2761\" \/>O visita nuestro Facebook para m\u00e1s productos e informaci\u00f3n:<br data-start=\"2820\" data-end=\"2823\" \/>\ud83d\udc49 <a class=\"decorated-link\" href=\"https:\/\/www.facebook.com\/gamapartsvhsa\/\" target=\"_new\" rel=\"noopener\" data-start=\"2826\" data-end=\"2865\">https:\/\/www.facebook.com\/gamapartsvhsa\/<\/a><\/p>\n","protected":false},"excerpt":{"rendered":"<h4>770FX,770NX,851FX,851NX,952NX<\/h4>\n","protected":false},"featured_media":4140,"comment_status":"open","ping_status":"closed","template":"","meta":{"_monsterinsights_skip_tracking":false,"_monsterinsights_sitenote_active":false,"_monsterinsights_sitenote_note":"","_monsterinsights_sitenote_category":0,"_joinchat":[]},"product_brand":[],"product_cat":[188],"product_tag":[681,680,24,294],"class_list":{"0":"post-4133","1":"product","2":"type-product","3":"status-publish","4":"has-post-thumbnail","6":"product_cat-refacciones-case","7":"product_tag-681","8":"product_tag-birlo","9":"product_tag-case","10":"product_tag-cnh","12":"first","13":"instock","14":"taxable","15":"shipping-taxable","16":"purchasable","17":"product-type-simple"},"yoast_head":"<!-- This site is optimized with the Yoast SEO plugin v21.2 - https:\/\/yoast.com\/wordpress\/plugins\/seo\/ -->\n<title>Birlo 5801475385 para Maquinaria Pesada - Gama Parts Mx<\/title>\n<meta name=\"description\" content=\"Birlo 5801475385 para maquinaria pesada. Refacci\u00f3n de alta calidad que mejora el rendimiento y prolonga la vida \u00fatil del equipo. Env\u00edos a todo M\u00e9xico.\" \/>\n<meta name=\"robots\" content=\"index, follow, max-snippet:-1, max-image-preview:large, max-video-preview:-1\" \/>\n<link rel=\"canonical\" href=\"https:\/\/gamapartsmx.com\/?product=birlo-5801475385-maquinaria-pesada\" \/>\n<meta property=\"og:locale\" content=\"es_ES\" \/>\n<meta property=\"og:type\" content=\"article\" \/>\n<meta property=\"og:title\" content=\"Birlo 5801475385 para Maquinaria Pesada - Gama Parts Mx\" \/>\n<meta property=\"og:description\" content=\"Birlo 5801475385 para maquinaria pesada. Refacci\u00f3n de alta calidad que mejora el rendimiento y prolonga la vida \u00fatil del equipo. Env\u00edos a todo M\u00e9xico.\" \/>\n<meta property=\"og:url\" content=\"https:\/\/gamapartsmx.com\/?product=birlo-5801475385-maquinaria-pesada\" \/>\n<meta property=\"og:site_name\" content=\"Gama Parts Mx\" \/>\n<meta property=\"article:modified_time\" content=\"2025-12-16T18:09:15+00:00\" \/>\n<meta property=\"og:image\" content=\"http:\/\/gamapartsmx.com\/wp-content\/uploads\/2025\/12\/tuerca.jpg\" \/>\n\t<meta property=\"og:image:width\" content=\"1200\" \/>\n\t<meta property=\"og:image:height\" content=\"1200\" \/>\n\t<meta property=\"og:image:type\" content=\"image\/jpeg\" \/>\n<meta name=\"twitter:card\" content=\"summary_large_image\" \/>\n<meta name=\"twitter:label1\" content=\"Tiempo de lectura\" \/>\n\t<meta name=\"twitter:data1\" content=\"2 minutos\" \/>\n<script type=\"application\/ld+json\" class=\"yoast-schema-graph\">{\"@context\":\"https:\/\/schema.org\",\"@graph\":[{\"@type\":\"WebPage\",\"@id\":\"https:\/\/gamapartsmx.com\/?product=birlo-5801475385-maquinaria-pesada\",\"url\":\"https:\/\/gamapartsmx.com\/?product=birlo-5801475385-maquinaria-pesada\",\"name\":\"Birlo 5801475385 para Maquinaria Pesada - Gama Parts Mx\",\"isPartOf\":{\"@id\":\"https:\/\/gamapartsmx.com\/#website\"},\"datePublished\":\"2025-12-16T17:54:01+00:00\",\"dateModified\":\"2025-12-16T18:09:15+00:00\",\"description\":\"Birlo 5801475385 para maquinaria pesada. Refacci\u00f3n de alta calidad que mejora el rendimiento y prolonga la vida \u00fatil del equipo. Env\u00edos a todo M\u00e9xico.\",\"breadcrumb\":{\"@id\":\"https:\/\/gamapartsmx.com\/?product=birlo-5801475385-maquinaria-pesada#breadcrumb\"},\"inLanguage\":\"es\",\"potentialAction\":[{\"@type\":\"ReadAction\",\"target\":[\"https:\/\/gamapartsmx.com\/?product=birlo-5801475385-maquinaria-pesada\"]}]},{\"@type\":\"BreadcrumbList\",\"@id\":\"https:\/\/gamapartsmx.com\/?product=birlo-5801475385-maquinaria-pesada#breadcrumb\",\"itemListElement\":[{\"@type\":\"ListItem\",\"position\":1,\"name\":\"Portada\",\"item\":\"https:\/\/gamapartsmx.com\/\"},{\"@type\":\"ListItem\",\"position\":2,\"name\":\"Tienda\",\"item\":\"https:\/\/gamapartsmx.com\/?page_id=2883\"},{\"@type\":\"ListItem\",\"position\":3,\"name\":\"Birlo 5801475385 para Maquinaria Pesada\"}]},{\"@type\":\"WebSite\",\"@id\":\"https:\/\/gamapartsmx.com\/#website\",\"url\":\"https:\/\/gamapartsmx.com\/\",\"name\":\"Gama Parts\",\"description\":\"Venta de Refacciones para Maquinaria Pesada dirigida al Sector Industrial y de construcci\u00f3n en Villahermosa, Tabasco.\",\"publisher\":{\"@id\":\"https:\/\/gamapartsmx.com\/#organization\"},\"potentialAction\":[{\"@type\":\"SearchAction\",\"target\":{\"@type\":\"EntryPoint\",\"urlTemplate\":\"https:\/\/gamapartsmx.com\/?s={search_term_string}\"},\"query-input\":\"required name=search_term_string\"}],\"inLanguage\":\"es\"},{\"@type\":\"Organization\",\"@id\":\"https:\/\/gamapartsmx.com\/#organization\",\"name\":\"Gama Parts\",\"url\":\"https:\/\/gamapartsmx.com\/\",\"logo\":{\"@type\":\"ImageObject\",\"inLanguage\":\"es\",\"@id\":\"https:\/\/gamapartsmx.com\/#\/schema\/logo\/image\/\",\"url\":\"https:\/\/gamapartsmx.com\/wp-content\/uploads\/2023\/09\/GAMA-PARTS-LOGO.png\",\"contentUrl\":\"https:\/\/gamapartsmx.com\/wp-content\/uploads\/2023\/09\/GAMA-PARTS-LOGO.png\",\"width\":350,\"height\":100,\"caption\":\"Gama Parts\"},\"image\":{\"@id\":\"https:\/\/gamapartsmx.com\/#\/schema\/logo\/image\/\"}}]}<\/script>\n<!-- \/ Yoast SEO plugin. -->","yoast_head_json":{"title":"Birlo 5801475385 para Maquinaria Pesada - Gama Parts Mx","description":"Birlo 5801475385 para maquinaria pesada. Refacci\u00f3n de alta calidad que mejora el rendimiento y prolonga la vida \u00fatil del equipo. Env\u00edos a todo M\u00e9xico.","robots":{"index":"index","follow":"follow","max-snippet":"max-snippet:-1","max-image-preview":"max-image-preview:large","max-video-preview":"max-video-preview:-1"},"canonical":"https:\/\/gamapartsmx.com\/?product=birlo-5801475385-maquinaria-pesada","og_locale":"es_ES","og_type":"article","og_title":"Birlo 5801475385 para Maquinaria Pesada - Gama Parts Mx","og_description":"Birlo 5801475385 para maquinaria pesada. Refacci\u00f3n de alta calidad que mejora el rendimiento y prolonga la vida \u00fatil del equipo. Env\u00edos a todo M\u00e9xico.","og_url":"https:\/\/gamapartsmx.com\/?product=birlo-5801475385-maquinaria-pesada","og_site_name":"Gama Parts Mx","article_modified_time":"2025-12-16T18:09:15+00:00","og_image":[{"width":1200,"height":1200,"url":"http:\/\/gamapartsmx.com\/wp-content\/uploads\/2025\/12\/tuerca.jpg","type":"image\/jpeg"}],"twitter_card":"summary_large_image","twitter_misc":{"Tiempo de lectura":"2 minutos"},"schema":{"@context":"https:\/\/schema.org","@graph":[{"@type":"WebPage","@id":"https:\/\/gamapartsmx.com\/?product=birlo-5801475385-maquinaria-pesada","url":"https:\/\/gamapartsmx.com\/?product=birlo-5801475385-maquinaria-pesada","name":"Birlo 5801475385 para Maquinaria Pesada - Gama Parts Mx","isPartOf":{"@id":"https:\/\/gamapartsmx.com\/#website"},"datePublished":"2025-12-16T17:54:01+00:00","dateModified":"2025-12-16T18:09:15+00:00","description":"Birlo 5801475385 para maquinaria pesada. Refacci\u00f3n de alta calidad que mejora el rendimiento y prolonga la vida \u00fatil del equipo. Env\u00edos a todo M\u00e9xico.","breadcrumb":{"@id":"https:\/\/gamapartsmx.com\/?product=birlo-5801475385-maquinaria-pesada#breadcrumb"},"inLanguage":"es","potentialAction":[{"@type":"ReadAction","target":["https:\/\/gamapartsmx.com\/?product=birlo-5801475385-maquinaria-pesada"]}]},{"@type":"BreadcrumbList","@id":"https:\/\/gamapartsmx.com\/?product=birlo-5801475385-maquinaria-pesada#breadcrumb","itemListElement":[{"@type":"ListItem","position":1,"name":"Portada","item":"https:\/\/gamapartsmx.com\/"},{"@type":"ListItem","position":2,"name":"Tienda","item":"https:\/\/gamapartsmx.com\/?page_id=2883"},{"@type":"ListItem","position":3,"name":"Birlo 5801475385 para Maquinaria Pesada"}]},{"@type":"WebSite","@id":"https:\/\/gamapartsmx.com\/#website","url":"https:\/\/gamapartsmx.com\/","name":"Gama Parts","description":"Venta de Refacciones para Maquinaria Pesada dirigida al Sector Industrial y de construcci\u00f3n en Villahermosa, Tabasco.","publisher":{"@id":"https:\/\/gamapartsmx.com\/#organization"},"potentialAction":[{"@type":"SearchAction","target":{"@type":"EntryPoint","urlTemplate":"https:\/\/gamapartsmx.com\/?s={search_term_string}"},"query-input":"required name=search_term_string"}],"inLanguage":"es"},{"@type":"Organization","@id":"https:\/\/gamapartsmx.com\/#organization","name":"Gama Parts","url":"https:\/\/gamapartsmx.com\/","logo":{"@type":"ImageObject","inLanguage":"es","@id":"https:\/\/gamapartsmx.com\/#\/schema\/logo\/image\/","url":"https:\/\/gamapartsmx.com\/wp-content\/uploads\/2023\/09\/GAMA-PARTS-LOGO.png","contentUrl":"https:\/\/gamapartsmx.com\/wp-content\/uploads\/2023\/09\/GAMA-PARTS-LOGO.png","width":350,"height":100,"caption":"Gama Parts"},"image":{"@id":"https:\/\/gamapartsmx.com\/#\/schema\/logo\/image\/"}}]}},"_links":{"self":[{"href":"https:\/\/gamapartsmx.com\/index.php?rest_route=\/wp\/v2\/product\/4133"}],"collection":[{"href":"https:\/\/gamapartsmx.com\/index.php?rest_route=\/wp\/v2\/product"}],"about":[{"href":"https:\/\/gamapartsmx.com\/index.php?rest_route=\/wp\/v2\/types\/product"}],"replies":[{"embeddable":true,"href":"https:\/\/gamapartsmx.com\/index.php?rest_route=%2Fwp%2Fv2%2Fcomments&post=4133"}],"version-history":[{"count":2,"href":"https:\/\/gamapartsmx.com\/index.php?rest_route=\/wp\/v2\/product\/4133\/revisions"}],"predecessor-version":[{"id":4146,"href":"https:\/\/gamapartsmx.com\/index.php?rest_route=\/wp\/v2\/product\/4133\/revisions\/4146"}],"wp:featuredmedia":[{"embeddable":true,"href":"https:\/\/gamapartsmx.com\/index.php?rest_route=\/wp\/v2\/media\/4140"}],"wp:attachment":[{"href":"https:\/\/gamapartsmx.com\/index.php?rest_route=%2Fwp%2Fv2%2Fmedia&parent=4133"}],"wp:term":[{"taxonomy":"product_brand","embeddable":true,"href":"https:\/\/gamapartsmx.com\/index.php?rest_route=%2Fwp%2Fv2%2Fproduct_brand&post=4133"},{"taxonomy":"product_cat","embeddable":true,"href":"https:\/\/gamapartsmx.com\/index.php?rest_route=%2Fwp%2Fv2%2Fproduct_cat&post=4133"},{"taxonomy":"product_tag","embeddable":true,"href":"https:\/\/gamapartsmx.com\/index.php?rest_route=%2Fwp%2Fv2%2Fproduct_tag&post=4133"}],"curies":[{"name":"wp","href":"https:\/\/api.w.org\/{rel}","templated":true}]}}